70 = 13*b. What is the remainder when b is divided by 16?
13
Suppose 24 = 6*i + 6. Suppose x - 3 - i = 0. Let q(n) = n**2 - 9*n + 28. What is the remainder when 18 is divided by q(x)?
8
Let m(r) = -70*r**2 - 348*r + 31. Calculate the remainder when 9489 is divided by m(-5).
18
Suppose s - 16 = -3*s. Let p(o) = 18*o + 7. Suppose 12*i + 1 = 13*i. Calculate the remainder when p(i) is divided by s.
1
Let w = -5695 + 7189. What is the remainder when w is divided by 75?
69
Suppose 28*b + 738 = 2642. What is the remainder when (-153)/(-68)*(2 + b/6) is divided by 4?
2
Suppose 1876*b = -1879*b + 3760*b - 45. Suppose -3*p + 28 = -125. Calculate the remainder when p is divided by b.
6
Suppose 0 = -5*n + w + 5014, 2*n = -w + 1002 + 998. Let h = n + -980. Let s = 40 - -45. What is the remainder when s is divided by h?
19
Let h(k) = 7*k**3 + 88*k**2 - 50*k + 16. Calculate the remainder when h(-13) is divided by 37.
11
Suppose 5*d = -5*u + 7730, -u = -375*d + 379*d - 1549. Calculate the remainder when u is divided by 155.
150
Suppose -260 - 179 - 257 = -6*h. What is the remainder when 4517 is divided by h?
109
Let j(t) = -106*t + 100. Calculate the remainder when j(-7) is divided by 280.
2
Let d be (-7 - -4) + (-93)/(-3). Let v = d + -27. What is the remainder when 49 - v/((-1)/(-3)) is divided by 18?
10
Let s(o) = 2161*o - 27914. Let u(p) = -35*p**3 + p**2 + p + 1. What is the remainder when s(13) is divided by u(-1)?
35
Suppose 0 = -3*h - 1463 + 4256. Suppose -20*z + h - 31 = 0. Suppose -64 = -5*a + 1. Calculate the remainder when z is divided by a.
6
Let x(b) = -2*b**2 + b - 2*b - 8*b - 3 + 5*b - 10*b**3. What is the remainder when x(-2) is divided by ((-4)/(-5))/(1/25)?
17
Let n(l) = 26*l**2 + 69*l + 95. What is the remainder when n(-3) is divided by ((-225)/(-20))/((-2)/(-8))?
32
Suppose -173 + 201 = 7*r. Suppose r*l + p - 85 = 11, -72 = -3*l - 5*p. Calculate the remainder when 143 is divided by l.
23
Let y(s) = 7*s**3 + 48*s**2 - 6*s + 22. Calculate the remainder when 3402 is divided by y(-7).
12
Suppose -4*m + 9*m + 2*t + 5150 = 0, -3*t = 2*m + 2060. What is the remainder when (m/9)/(-2) + (-64)/288 is divided by 9?
3
Let r(q) = -27*q**3 + q**2 - 251 - 5*q + 73*q**3 + 4*q + 252. Calculate the remainder when r(1) is divided by 25.
22
Suppose 3*i + w = -5, 4*i - w + 11 = 2*w. Let x be (-18)/(-24) + (-111)/(-12) + i. What is the remainder when 67 is divided by (34*(-2)/10)/(x/(-20))?
16
Suppose -o + 2 = 2*y, 0 = -4*o - 3*y + 9 + 24. What is the remainder when 898 is divided by o?
10
Let d = 2761 + -2731. What is the remainder when 124 is divided by d?
4
Let n = -90 - -135. Let h(j) = -j - 3*j + 8*j + 305 + j + j. What is the remainder when h(-6) is divided by n?
44
Let v(m) = 4*m**2 - 1724*m - 5160. Suppose -k = -6*k - 5*y + 875, -5*k + 3*y + 907 = 0. Calculate the remainder when k is divided by v(-3).
35
Let d(b) = -4*b**3 + 166*b**2 + 10*b - 197. What is the remainder when d(41) is divided by 211?
199
Let o be 7 + (2/(-5) - 12/(-5)). Suppose -d = -4*d - 6, z = 2*d + o. Suppose 192 + 363 = z*t. Calculate the remainder when t is divided by 19.
16
Suppose -2*i + 4*a = -106, -4*a = -2*i + 3*i - 59. What is the remainder when 375 is divided by 4/(-4) - (7 - i)?
46
Calculate the remainder when 118 is divided by 10/150*-6 - 685/(-25).
10
Suppose -8*w = 15760 - 15864. Calculate the remainder when 258 is divided by w.
11
Let g be (-2064)/(-80)*(4 - -1). Calculate the remainder when (-8 - (-5 + -4))*(g - -1) is divided by 11.
9
Suppose -3*b + 1770 + 567 = -v, 2*b - 1566 = -2*v. Calculate the remainder when 175/10*b/35 is divided by 17.
16
Let s(i) = i**3 - 206*i**2 + 29*i - 5883. Let a(g) = 59*g - 1. What is the remainder when a(6) is divided by s(206)?
80
What is the remainder when 438 is divided by (321/6)/((15/(-30))/(-1 + 0))?
10
Let n(u) = -54*u - 7. Suppose 8*z + 2*f = 7*z + 58, f + 2 = 0. Calculate the remainder when n(-7) is divided by z.
61
Let r(h) = -22*h + 3. Calculate the remainder when 111 is divided by r(-2).
17
Let j = 618 + -663. What is the remainder when 201 is divided by 68*(j/(-36) - 1)?
14
Suppose 221*n + 339 = 227*n - 531. Calculate the remainder when 1738 is divided by n.
143
Suppose 31 = 5*q - 2*q + 2*a, 5*q + 3*a - 52 = 0. What is the remainder when ((-2 + -3)*4/(-30))/(2/147) is divided by q?
5
Let y(c) = -c - 133. Let f(n) = -14*n - 1596. Let t(g) = -3*f(g) + 35*y(g). Calculate the remainder when 113 is divided by t(-12).
15
Calculate the remainder when ((-116871)/1793)/(-1*1/11) is divided by 161.
73
Suppose 2*w + 5*c - 479 = -w, -4*w + 2*c + 682 = 0. What is the remainder when 350 is divided by w?
14
Suppose 2*l + 4*u = 134, 59*u = -3*l + 60*u + 187. Suppose -3*g = -13 - 2. Calculate the remainder when l is divided by g.
3
Let y = -45 + 30. What is the remainder when 56 is divided by ((-15)/10)/(y/(-24) + -1)?
0
Let b(j) be the third derivative of -j**6/120 - j**5/10 - j**4/6 - 7*j**3/3 + 57*j**2. Let y = 61 + -23. Calculate the remainder when y is divided by b(-6).
8
Let m(y) = -y + 12. Let u be m(9). Suppose -u*j + 603 = 3*n, 8 = n - 3*j - 201. Calculate the remainder when n is divided by 51.
50
Let o(i) = i**3 + 23*i**2 + 62*i + 119. Calculate the remainder when 1082 is divided by o(-20).
55
Let t(k) = 266*k**3 - k**2 - 2*k - 2. Let z be t(-1). Let r = -228 - z. Calculate the remainder when 270 is divided by r.
36
Suppose 2*j = -n - 9, -2*j = -7*j + 10. What is the remainder when 80 is divided by (n + (-5 - -9))/(2/(-6))?
26
Let x = 71 - 46. Suppose 42 = 3*f - 3*n, 0*f = -2*f + 3*n + x. Calculate the remainder when 101 is divided by f.
16
Suppose 0 = -5*j - 0 - 5, 4*j - 5 = -3*g. Suppose 4*p - 552 = -4*o, -7*p - 430 = -g*o - 6*p. What is the remainder when o is divided by 29?
26
Suppose 93 = -i + 4*i. Let u = -8641 + 8786. What is the remainder when u is divided by i?
21
Suppose -148 = -4*n - 4. Suppose b = 5*k + 12 - 72, -5*b = -k + n. Suppose -15*r + 272 = -k*r. What is the remainder when r is divided by 23?
22
Suppose -109*c + 5*c = 19*c - 7503. What is the remainder when 100 is divided by c?
39
Let o(c) be the first derivative of 21*c**2/2 - 22*c - 1. Suppose 5 = 2*q + i, 25*q - 4*i - 19 = 20*q. What is the remainder when o(q) is divided by 31?
10
Let g(k) = 2*k - 5. Let y be g(5). Suppose 8*i = y*i + 36. Let p = -39 + 86. What is the remainder when p is divided by i?
11
What is the remainder when (-781)/(-10) + 48/(-480) is divided by 27?
24
Let n(p) = -4*p**3 - p**2 - 2. Suppose 42*j - 35*j - 21 = 0. Let t be n(j). Let h = t + 126. What is the remainder when 7 is divided by h?
0
Let r(x) = 51*x - 40. Let a(v) = -55*v + 41. Let m(c) = 5*a(c) + 6*r(c). Calculate the remainder when 104 is divided by m(2).
23
Suppose 2*h + h + 4*z - 22 = 0, -5*z + 17 = 3*h. Suppose -2*b = -5*m - 72, -4*m + 49 = -86*b + 87*b. Calculate the remainder when b is divided by h.
13
Let f(t) = -t**3 - 6*t**2 + 17*t - 2. Let d be f(-10). Suppose -d*p + 233*p - 220 = 0. Calculate the remainder when 171 is divided by p.
39
Let r(q) = q**2 + 114*q + 696. Let s(x) = -9*x + 1. Calculate the remainder when r(-6) is divided by s(-3).
20
Let b = -3154 + 3361. Let y = -14 - -25. What is the remainder when b is divided by y?
9
Suppose 4*i - 38 = -q, 2*q + 3*i - 91 = -30. Let s be 3/(-9)*-3*3. Suppose 0*j + s*j - 21 = 0. What is the remainder when q is divided by j?
5
Let c be 1 + 3/((-12)/16) - -5460. What is the remainder when c/357 - 4/14 is divided by 11?
4
Suppose 0 = -j + b - 37, 2*b = -4*j + b - 168. Suppose 1420 = -25*m - 730. Let o = j - m. Calculate the remainder when o is divided by 16.
13
Suppose -2*y = -5*y + 66. Suppose 24*x + 7*p + 21 = 29*x, 4*p - 28 = 0. Calculate the remainder when y is divided by x.
8
Suppose -3 = q, -8*q + 4*q - 151 = -i. Let a = -1 - 82. Let f = a + 118. What is the remainder when i is divided by f?
34
Let t be (4 + 19)*-1 - -3. Let z be (-2 - 7)*t/(-15). Calculate the remainder when 34 is divided by ((-24)/(-32))/((-1)/z).
7
Let r(f) = f**2 - 3*f + 141. Let a be r(0). Let d = 164 - a. What is the remainder when d is divided by 13?
10
Let j = -1885 + 1893. Let l(n) = n**2 + 4*n + 7. Let t(u) = 2*u + 7. Let p be t(-7). What is the remainder when l(p) is divided by j?
4
Let g(o) = 2*o**3 + 31*o**2 - 10*o + 84. What is the 